 b be g(t). What is the highest common factor of b and w?
14
Suppose -176 + 711 = 5*r - 5*d, -r - 3*d + 119 = 0. Let v(m) = -7*m**2 - 1 + 5 + 2*m + 8*m**2 + 3. Let x be v(-3). What is the highest common factor of r and x?
10
Suppose 2*g - 110 = -3*g. Suppose -2*p = -2*r + p + 30, -2*r = p - g. What is the highest common factor of 24 and r?
12
Let q be (6/4)/((-6)/(-380)). Calculate the greatest common factor of 38 and q.
19
Let d(s) = 7*s**3 - s + 1. Let i be d(1). Let k = 4 - 4. Suppose -2*n + 67 = -5*z, -z - 1 - 4 = k. What is the greatest common divisor of n and i?
7
Suppose 11*k - 1133 + 143 = 0. Calculate the highest common factor of 36 and k.
18
Let u = 48 - -40. Calculate the greatest common divisor of 11 and u.
11
Suppose 19*g = 16*g + 195. Calculate the highest common factor of 52 and g.
13
Let j(s) = -s**3 + 8*s**2 - 5*s. Let o be j(5). Let k = 42 + -22. Calculate the greatest common factor of o and k.
10
Suppose 5*k = 17 + 73. Calculate the greatest common factor of k and 2.
2
Let y be (-4)/10 - (-74)/10. Let g be (-1 - (-162 + 2)) + 1. Suppose -4*s - 3*t = 2*t - 323, -2*s + g = 2*t. Calculate the greatest common divisor of s and y.
7
Let c = 0 + 1. Suppose -c + 16 = 5*u. What is the highest common divisor of u and 21?
3
Let i(a) = 14*a**2 + a + 3. Let m be i(-3). Calculate the highest common divisor of 21 and m.
21
Let d be (-20 + 1 + 0)*-2. Let x(i) = 3*i**3 - 8*i**2 - 8*i + 25. Let m be x(4). Calculate the highest common factor of d and m.
19
Let n = 29 - 18. Calculate the highest common divisor of 77 and n.
11
Suppose 3*f = 2*f + 7. Let a be (-390)/(-7) - (-2)/f. Calculate the highest common divisor of a and 8.
8
Let g(v) = 9*v + 21. Let s be g(3). What is the greatest common divisor of 48 and s?
48
Let y(a) = a**3 + 9*a**2 + 9*a + 6. Let l = 17 + -25. Let w be y(l). Let q be w/5 + 792/30. What is the greatest common factor of q and 39?
13
Let l = -192 - -48. Let x be l/30*(-20)/6. Calculate the greatest common factor of x and 48.
16
Suppose 2*n = -5*h + 39, 5*h - 20 - 7 = 4*n. Let p(y) = 3*y - 8. Let c be p(h). What is the highest common factor of c and 117?
13
Let l be -4*(13/(-3))/((-4)/(-3)). What is the highest common factor of l and 26?
13
Let i(o) = 3*o + 22. Let q be i(6). What is the greatest common divisor of q and 160?
40
Let m(k) be the third derivative of -47*k**6/120 - k**4/12 - k**3/6 - 2*k**2. Let f be m(-1). What is the greatest common factor of f and 12?
12
Let m be (-9)/(-6)*(-704)/(-12). What is the greatest common factor of 8 and m?
8
Let g(l) = -1 + 3*l**3 - 4*l**3 - 2*l**2 - 6*l + 3 + 4*l. Let c be g(-2). Calculate the highest common divisor of c and 30.
6
Suppose 5*r - 112 = -62. Let x(g) = g**3 - 5*g**2 + 2*g. Let w be x(5). Calculate the greatest common divisor of w and r.
10
Suppose x = 1 + 20. Suppose 4*f = -5*j + 80, 2*f - 54 = -j + 2*j. Suppose -2*d = -4*z - 6*d + 568, -f = 5*d. Calculate the highest common factor of z and x.
21
Let q(v) = -2*v - 11*v - 3*v - v. Let y be q(-1). Calculate the greatest common divisor of 34 and y.
17
Let f be (0 - 1) + 0 + 0 + 7. What is the highest common factor of 9 and f?
3
Let a be (-30 + -1)/(1 + -2). Let m = a - 15. Let f = m - 4. What is the greatest common factor of f and 6?
6
Let p(j) = j**2 + 6*j - 4. Let y be p(-7). Suppose -4*u + y*u = -1. Calculate the greatest common divisor of 1 and u.
1
Suppose 2*c - 39 - 17 = 0. Calculate the highest common factor of c and 308.
28
Suppose -2*z + 5*k = -3, z - k = 3*k. Let n be (-1)/(1*(-2)/z). Suppose 11 = -n*h + 41. What is the highest common divisor of h and 3?
3
Suppose -22 - 20 = -3*t. Calculate the highest common divisor of t and 14.
14
Let r(s) be the second derivative of 13*s**3/6 + 2*s**2 - 5*s. Let a be r(2). Calculate the highest common factor of a and 15.
15
Let u = -3 + 29. What is the greatest common divisor of 104 and u?
26
Suppose -3*b - 48 = -7*b. Let o be (0 + 4)*10/(-8). Let w = o + 23. What is the highest common factor of w and b?
6
Suppose 0*g + 5*g - 20 = 0. Suppose -2*c + p = -4*p - 14, -g*c + 4*p = -16. Calculate the highest common divisor of c and 14.
2
Suppose -2*b + 2*v + 84 = 4*v, -5*v + 10 = 0. Calculate the greatest common divisor of 10 and b.
10
Let r = 9 - 18. Let n = r + 13. Calculate the greatest common divisor of 2 and n.
2
Suppose 8*g - 3*g - w = 180, -2*w = 5*g - 165. What is the greatest common factor of 14 and g?
7
Let u be (-1)/(-3) - 816/18. Let z = u + 85. What is the highest common factor of z and 16?
8
Let f(b) = b**2 - 4*b - 1. Let j be f(8). Suppose -j + 9 = 2*c. Let q = 1 - c. What is the highest common divisor of q and 8?
4
Let m(c) = c + 42. Let w be m(-12). Calculate the highest common factor of w and 270.
30
Suppose a - 67 - 90 = 5*r, -3*a = -2*r - 445. Calculate the greatest common divisor of 21 and a.
21
Let t(q) be the second derivative of 5*q**3/6 - q**2 + 2*q. Let v be t(2). Suppose 0 = -5*g + v + 102. What is the highest common divisor of 55 and g?
11
Let k be 25 + 3/2*22/33. What is the highest common factor of k and 65?
13
Let t(c) = -8 + 1 + c + 7*c - 6*c**2 + c**3. Let n be t(5). Let s = -3 + n. What is the greatest common divisor of 1 and s?
1
Let q(s) = -s + 32. Let g be q(0). Suppose 3*a + 2 - g = 0. Let r = -29 + 34. What is the highest common divisor of r and a?
5
Let f(p) = -p**2 - 7*p - 4. Let o be f(-6). Let t(x) = -5*x - 12. Let q be t(-4). What is the highest common divisor of o and q?
2
Let q = 87 - 51. Suppose -5*c - 1 = -q. Suppose 2*b + 3 = c. What is the greatest common factor of b and 10?
2
Let n = -156 - -231. Calculate the greatest common factor of n and 15.
15
Suppose -328 = 13*f - 16*f + v, f + 2*v = 121. What is the greatest common divisor of 148 and f?
37
Suppose -2*r - 26 = -c + 3*r, -5*r - 37 = -2*c. Let a(t) = -4*t + 1. Let o be a(-8). What is the highest common factor of o and c?
11
Suppose -m + 1 = -3. Let k(p) = -p**3 + 4*p**2 + 2*p + 2. Let y be k(m). Suppose y + 8 = 3*h. What is the greatest common divisor of 42 and h?
6
Suppose -304 = -15*j + 176. What is the greatest common factor of j and 2?
2
Let o be (5 + -1)/(-2 + 3). Let d be o + (1 - 2/(-2)). Calculate the greatest common divisor of 9 and d.
3
Let h(j) = 2*j + 87. Let s be h(0). Calculate the highest common divisor of 29 and s.
29
Let u(v) = -v**3 + 7*v**2 - 6*v + 9. Let m be u(6). Suppose 2*f - 8 = 4*f, -f = 3*i - 5. What is the greatest common factor of m and i?
3
Let h = 78 - 1. Suppose -c - c + 14 = 0. Calculate the highest common divisor of h and c.
7
Let i(w) = -10*w + 9*w**2 + 2*w**2 - 1 + w**2 - w**3. Let s be i(11). Calculate the highest common divisor of 50 and s.
10
Suppose 0 = -10*g + 3*g + 805. What is the highest common divisor of g and 5?
5
Let j = 29 - 13. Let t be 8/(-3*(-3 - -4)/(-3)). What is the greatest common factor of t and j?
8
Let x = -10 - -15. Suppose 5*n - t = -0*t + 14, 3*t = x*n - 12. Let m be -9*1*n*-1. What is the greatest common factor of m and 9?
9
Suppose 0 = 13*m - 89 - 145. Calculate the greatest common divisor of m and 144.
18
Let h = 30 - -9. Calculate the greatest common factor of 52 and h.
13
Let q(u) = 7 + u - 1 - 2*u. Let t be q(6). Suppose t*b = 3*b - 2*o - 454, -4*b + 3*o = -604. Calculate the greatest common factor of 14 and b.
14
Suppose -218 = -5*o + 4*q, o + 0*q = 3*q + 37. Calculate the greatest common divisor of 115 and o.
23
Suppose a - 11 = h - 0*h, 3*a - h - 25 = 0. What is the highest common factor of 1 and a?
1
Let l be (-35 - -41)*(-1)/(-6). What is the greatest common divisor of l and 4?
1
Suppose -v = -4*z - 18, -v + 5*z + 30 = 4*v. Suppose 0 = v*l - 16 - 14. Calculate the highest common divisor of l and 15.
15
Let z be 6/(((-27)/10)/(-9)). What is the greatest common factor of z and 30?
10
Let v(r) = 4*r**2 - r - 1. Let w = 5 + -2. Let m be v(w). What is the greatest common divisor of 8 and m?
8
Let h = -1 + 4. Suppose -2*g = -3*g - 5*r + 24, -h = -3*r. What is the greatest common divisor of g and 19?
19
Suppose 2*j - r - 112 = 291, -394 = -2*j - 2*r. Calculate the highest common factor of j and 8.
8
Let g be (-10)/8*-32*3. What is the highest common divisor of 48 and g?
24
Let q(w) = 2*w + 4. Let m be q(7). What is the highest common factor of 6 and m?
6
Let x = -34 + 48. Let j = 495 - 488. What is the great